= 63*i + 24. Is y(u) prime?
False
Let i = 2122 - -1537. Is i a composite number?
False
Suppose -19*q + 12 = -23*q. Is q*3/27*-417 a composite number?
False
Suppose 0 = -26*g + 29*g - 57. Let o = 31 - g. Suppose -o*w + 658 = -10*w. Is w composite?
True
Suppose -8 = -5*t + 7. Suppose 200 = l + u, -5*l + t*u = -l - 835. Is l prime?
False
Let c be 2/9 - (-43012)/36. Suppose 818 + 377 = 5*d + 4*j, 5*d = -3*j + c. Is d/((-4)/(-1 + -27)) a prime number?
False
Let i(v) = 2*v + 12. Let f be i(-7). Is ((-1)/f - 1) + 828/8 composite?
False
Suppose 3*a - 2709 = -2*a - 2*v, a - 5*v - 531 = 0. Is a a composite number?
False
Suppose 2*m = i - 354 + 2686, 4*m + 4*i - 4652 = 0. Is m composite?
True
Let y(u) = 4545*u**2 - 37*u - 189. Is y(-5) prime?
True
Is 520*2 - (-3 + -7 + 11) a composite number?
False
Let r = 892 - -849. Is r composite?
False
Let v be (1/2)/((7/(-4))/(-7)). Let j(p) = -p**3 + p**2 - p + 21. Let z be j(0). Suppose 3*x - v*x - z = 0. Is x prime?
False
Let x = -1 + 17. Suppose -9 = -5*y + x. Suppose -k = -y*k + 4*q + 1032, -5*q = 2*k - 523. Is k prime?
False
Suppose 1166 = k + 2*o, 3*k - 2980 = 5*o + 540. Suppose 2*n - k = -2*v, 5*v + 4*n + 1799 = 4728. Is v a prime number?
False
Suppose -566247 = -44*f + 11*f. Is f a prime number?
True
Suppose -27*n = -20*n - 89887. Is n a prime number?
True
Suppose 0 = -q - 5*q + 22926. Is q a composite number?
False
Suppose 20 + 0 = 4*b. Suppose 0 = 2*v - b*c - 952, 0 = -4*c + 13 - 5. Is v prime?
False
Suppose 0 = -2*h + 18*h + 912. Let a = h + 106. Is a prime?
False
Let y(j) = 73997*j + 68. Is y(1) a composite number?
True
Let s be 133/49 + 24/(-14) + 2. Is ((-1042)/s)/((-6)/9) prime?
True
Suppose -21 = 5*j - 41. Let n be (-517)/(-99) - j/18. Suppose -4*s + 216 = 4*x, 67 + 198 = n*s + 4*x. Is s composite?
True
Let z = 1345 + 704. Let v be (-1 + 0)*0/(-2). Suppose 2*o + o - z = v. Is o prime?
True
Let l(b) be the second derivative of -b**5/20 + 13*b**4/12 + b**3/6 - 7*b**2/2 - 2*b - 12. Let o(g) = 12*g**2 + 1. Let q be o(1). Is l(q) a prime number?
False
Let g(c) = 23*c**2 + c - 117. Is g(17) a prime number?
True
Suppose -77*g + 78580 = -73*g. Is g a prime number?
False
Suppose 5*s + 2*m = -0*m + 35, 0 = -5*s - 5*m + 50. Suppose 0 = -2*r + 5*g + 318, -4*g = -s*r - 0*g + 761. Is r prime?
True
Let s be (0 + 3/(-6))*-4. Let b = -8 + s. Is 2/b + 1344/9 a composite number?
False
Let f(z) be the first derivative of -z**3/3 + 19*z**2 + 17*z + 232. Suppose -h - w - 4*w + 2 = 0, 2*h - 5*w = 34. Is f(h) a prime number?
False
Let x(c) = 6490*c**2 - 16*c - 15. Is x(-1) a prime number?
True
Let t(h) = -h**3 + 15*h**2 - 24*h - 22. Let s be t(13). Suppose -5*o + s*b + 1507 = 0, 7*b = 3*o + 3*b - 909. Is o prime?
False
Suppose 2*h = 12*x - 11*x + 22106, 0 = -2*h + 4*x + 22118. Is h composite?
True
Suppose -5*d = -1188 + 228. Suppose 0 = 5*j + d - 1447. Is j a composite number?
False
Let j(w) = 24*w**2 + 10*w + 1. Let t(b) = -71*b**2 - 29*b - 4. Let l(m) = -17*j(m) - 6*t(m). Is l(7) prime?
False
Let q be (-4)/(-14) - 452/14. Let r = -171 + 60. Let b = q - r. Is b a composite number?
False
Let q(t) = t**2 - 7*t + 12. Let y be q(3). Is (-1673)/(-14)*(y/3 + 2) prime?
True
Suppose -9*n = -128479 - 1130. Is n composite?
False
Suppose -4*a + 696 = -172. Let w = a + 196. Is w a composite number?
True
Is ((-69)/4)/((-12)/2384) prime?
False
Suppose -2*g - 26 + 170 = 0. Let s be g - 12 - 0/2. Is s + 9/(9/2) a prime number?
False
Let d(i) = 5*i + 36. Let g be d(-6). Is 3 + 35/(-15) - (-6014)/g prime?
False
Suppose -3*r = v - 153, 4*r + 2*v - 185 = 7*v. Suppose -r = 6*g - 3572. Is g a composite number?
False
Let f be 2*(3/(-1) - -8)/1. Let r(c) = 44*c + 5. Is r(f) a prime number?
False
Suppose 3*k - 3187 = 5756. Is k prime?
False
Let c(o) = -o**3 + 4*o**2 + 5*o. Suppose -4*g + 5 = -3*g. Let l be c(g). Suppose l = 4*d - 430 - 214. Is d a composite number?
True
Suppose -2*i + 8 - 2 = 0. Let p(t) be the second derivative of 3*t**5/20 - t**4/12 + 5*t**3/6 - 2*t**2 + 6*t. Is p(i) a composite number?
False
Suppose 0 = -69*w + 57*w - 2628. Let j(z) = -125*z + 2. Let m be j(-3). Let a = m + w. Is a a composite number?
True
Let k(b) = -58*b + 17. Let x(l) = -3*l**3 - 17*l**2 - 7*l - 4. Let q be x(-5). Is k(q) prime?
False
Let x = 811 + -432. Is x a prime number?
True
Let z be (-1 - -1) + (-25)/5. Is 24573/4 - z/(-20) a composite number?
False
Let d(j) = j**3 + 16*j**2 + j - 73. Is d(-11) a prime number?
True
Let p(y) be the first derivative of 39*y**4 - y**3/3 - y**2/2 + 9*y - 7. Let h(b) be the first derivative of p(b). Is h(-1) composite?
True
Suppose -l = 4*j + 577, -3*l = -2*j - 8*l - 275. Let s = -78 - j. Is s a composite number?
False
Suppose 2*n = -d + 2, d - 3 + 1 = 3*n. Is ((5 + -4)*613)/(n - -1) prime?
True
Let k be (2/2)/((-5)/(-565)). Let m = 78 + k. Is m prime?
True
Let s(p) = -p**2 + 3*p - 2. Let v be s(5). Let d be 6 + (0 + v)/4. Let y(u) = 26*u - 1. Is y(d) a composite number?
True
Let k(l) = -l**3 + 4*l**2 - l - 3. Let z be k(3). Let c be 490/z + (-9)/27. Is (6 + -2)*c/4 a composite number?
False
Suppose -5*x = 3*v - 39, -4*v = 2*x - 53 + 1. Let b = 42 - v. Suppose -201 - b = -2*s. Is s composite?
True
Let r(j) = 108*j - 152. Let z(w) = 27*w - 38. Let x(l) = 2*r(l) - 9*z(l). Is x(-13) prime?
True
Let m = 0 - -5. Suppose -4*r - 6 = -m*r. Let g(i) = 115*i + 5. Is g(r) a composite number?
True
Let n be -9*5/(-15) + (2 - -458). Let l = n + -132. Is l a composite number?
False
Let p = -19 - -13. Let m(x) = 7*x - 8. Let s be m(p). Is ((-1340)/s)/((-2)/(-5)) composite?
False
Let f(j) = 15*j**2 + 32*j + 24. Is f(9) composite?
True
Let r be ((0 - -1) + -2)*(5 - 8). Is 127 + 0 + (3 - r)/(-1) prime?
True
Suppose -479 - 67 = 7*r. Let o = r + 332. Is o a composite number?
True
Suppose 2*g - 227 = g. Suppose -2*q + 2*r = -292, 2*q + 2*r = 68 + 212. Suppose 5*c - g - q = 0. Is c prime?
False
Suppose -5*c + 3*d - 213 = 0, -2*c = 3*c + 2*d + 208. Let h = 119 + c. Is h prime?
False
Is 115808/40 - (-36)/20 a composite number?
False
Let c(o) = -124*o - 91. Is c(-47) a composite number?
False
Let t(i) be the third derivative of -89*i**4/12 + i**3/6 - i**2. Is t(-1) a prime number?
True
Let r(g) = -106*g - 61. Is r(-18) composite?
False
Let o be 6/2 + -1 + -2. Let t(a) = -2*a + 3. Let u be t(o). Suppose -i + 3*i - 986 = -4*d, 9 = u*d. Is i a prime number?
True
Let c(t) = -171*t + 3. Let k be c(-4). Suppose 0 = 10*y - 7*y + k. Let r = y + 386. Is r prime?
True
Let l = 644 - -395. Is l prime?
True
Suppose -a + 38904 = l, -25*l + 2*a = -20*l - 194499. Is l prime?
False
Suppose -4*h + 289809 = -34523. Is h a prime number?
True
Suppose -k = 3*a - 5*a - 1943, 2*k = -3*a + 3893. Is k composite?
True
Let u = -10 + 17. Let b be 10/35 + 2595/u. Suppose -4*t - 95 = 3*q - 442, 3*q - 2*t = b. Is q a prime number?
False
Let k = 42 - 58. Is (-2)/3*2088/k composite?
True
Suppose 3 = u + 4*y, 2*u - 4*u = -y - 6. Suppose h + u*h = -8. Let s(c) = c**3 + 5*c**2 - 1. Is s(h) a composite number?
False
Let y(l) = -30*l**3 + 6*l**2 + 2*l + 1. Let s be y(-4). Suppose m - 4*a = s - 16, -15 = 3*a. Is m a composite number?
False
Is (-2030)/(-3) + (-6)/9 + 1 prime?
True
Is (-4)/38 + (-1864603)/(-361) a prime number?
False
Let f(t) = -13*t**2 - 3*t + 3. Let x be f(-3). Let m = -105 - -106. Is x*((-8)/6 + m) a composite number?
True
Let y(g) be the third derivative of -13*g**4/12 + 5*g**3/6 - 3*g**2. Let k(r) = -r**2 + 5*r. Let n be k(6). Is y(n) composite?
True
Let c(g) = -9*g**2 - 14*g - 12. Let s be c(-11). Let r = s - -1384. Is r composite?
True
Is 5/(-35)*4 + (-189963)/(-7) a composite number?
True
Let b = 9829 + 5188. Is b composite?
False
Let z(c) = -c**3 + 30*c**2 + 20*c + 118. Is z(-21) a composite number?
False
Let f(c) = 700*c + 9. Is f(2) a composite number?
False
Let a(s) = -s**3 + 15*s**2 - 11*s - 17. Is a(10) a prime number?
True
Suppose -10 = 2*l + 2*n, 2*l - 3*n - 6 = 4. Let q be (l + 1)*(-10)/20. Suppose q*o + o = 219. Is o composite?
True
Let i = 51 - 51. Suppose i = -2*l - 2*d + 2690, -3808 - 1573 = -4*l - 3*d. Is l prime?
False
Suppose -u - 4 + 11 = 0. Suppose -12*d = -u*d - 20. Suppose -308 = -b - 3*h, h = -d*b - h + 1182. Is b prime?
True
Let f = -20 - -25. Suppose f*s - 2*s - 12 = 0, 3015 = 3*a - 3*s. Is a a prime number?
True
Let j(h) = 1014*h**2 - 1